6 + -2 + 0
0
What is -1 - (-1 + 5 + -5 - -6)?
-6
Evaluate 2 + -1 + -1 + -1 + -4.
-5
What is -3 - ((-4 - -3) + -8)?
6
What is the value of -4 + (6 - 1) + (4 - 7)?
-2
What is the value of (2 - 0) + (-47 - -40)?
-5
What is -1 + (-3 - (-3 - -2))?
-3
1 - (2 + 3 - 4) - 1
-1
(-6 - -1) + (5 + -13 - -8)
-5
What is the value of -2 + 1 - (2 + -2)?
-1
Calculate -2 + 13 - (17 + -13).
7
What is 2 - (0 + 5 + -2 + 0)?
-1
Evaluate -1 + 8 - (-2 - -8).
1
What is the value of (33 - 32) + 2 + 0 + -1?
2
What is (-3 - -5) + (1 - 3) + -4?
-4
What is 4 + (-2 + -6 - -3)?
-1
What is -7 - 0 - -5 - -5?
3
What is -6 - (2 + -4) - (-1 + -4)?
1
What is the value of (3 - 9) + 12 - 0?
6
Evaluate 0 - -6 - (-9 + (4 - -6)).
5
-2 - -1 - (6 - (6 + 5))
4
What is the value of 1 + (3 - 6) + -1 + -1?
-4
(0 - -7) + -4 - 2 - 3
-2
(-14 - (6 - 18)) + (4 - -1)
3
3 - 1 - (-2 - (8 - 7))
5
What is the value of (2 - (15 - -1)) + (14 - 7)?
-7
-1 + 6 - (16 - 8)
-3
What is the value of -16 + 17 + 3 + 0?
4
-2 - (6 + -4) - -5
1
What is 1 - -2 - (-1 + 5 + -1)?
0
Calculate 13 - ((-4 - (-6 - 2)) + 1).
8
-3 + (-11 - (-5 - 3))
-6
-34 + 40 + (-1 - 0)
5
What is the value of -2 - 0 - (-14 + 6 + 1)?
5
Calculate (-6 - -4) + (0 - -1) + 3.
2
What is -1 + -4 + (9 - (6 + -7))?
5
(-4 - -3) + -15 + 10
-6
Calculate 3 - 0 - 7 - -4 - 2.
-2
(4 - 8) + -2 + (-1 - -3)
-4
Calculate -4 + 3 + -6 - -4.
-3
(6 - 5 - 0) + (-1 - 4)
-4
Evaluate 1 - (0 - (-7 - -2)).
-4
Evaluate -3 + (-1 - -1) + 3 - 0.
0
Calculate (-2 - -3) + -1 + (-3 - -1).
-2
What is 0 - 0 - (-13 - -18)?
-5
Calculate 5 - (-4 + 6 - -4).
-1
Evaluate (1 - -2) + -15 + 15.
3
-12 - ((1 - 9) + -1)
-3
-3 + (-4 + 11 - 0)
4
What is -11 + 9 + -4 + -18 + 16?
-8
What is (2 - (-4 - -2)) + 1 + -2?
3
What is the value of -3 + (6 - 12 - (-10 + 2))?
-1
What is 9 - 2 - (16 - 7 - 5)?
3
Calculate (1 - -2) + 2 + -5 - 4.
-4
Evaluate -1 + (12 + -5 + -6 - 7).
-7
0 + -4 - (-21 - -13 - -5)
-1
6 + (-2 - 0) - 3
1
Evaluate -20 + 24 + 1 + 0.
5
What is 127 + -128 - (-1 + 0 + -4)?
4
-8 - (7 + (-25 - -5))
5
Calculate 10 + (13 - 23 - 5).
-5
Evaluate (-1 - -1) + (43 - 45).
-2
What is 7 + (0 - (4 - 2 - -1))?
4
6 + -24 + 12 - -4
-2
Evaluate -1 + 1 + 6 - (-38 - -44).
0
What is the value of 7 + (-4 - 0) + -4 + 1?
0
What is the value of -10 + 8 - (-3 + 1 + 3)?
-3
-2 - ((-8 - -4) + 5)
-3
Evaluate -4 + -7 + (-4 - -3) + 10.
-2
What is the value of (1 + 0 - -3) + (-10 - -1)?
-5
(-12 - 0) + 3 - -10
1
What is the value of 1 + 2 + -1 + -2 + 4?
4
What is (3 - -1) + -10 + 6 + 1?
1
What is the value of -4 - (0 + 0) - -4?
0
What is -1 + 1 - (5 - 7) - 3?
-1
What is the value of 2 + (12 - 4 - (-4 - -9))?
5
What is the value of -2 + 0 + 5 + (-2 - -3)?
4
4 + -13 + 8 + 1
0
Calculate 1 - 1 - (-9 + 9).
0
What is the value of -36 + 32 - (0 + 2 - -1)?
-7
Evaluate (-8 - -9) + -1 + -1 + 1.
0
What is the value of -10 - (-3 + 4 + (-9 - -4))?
-6
(-5 - 4) + -5 - -7
-7
Calculate 2 - 5 - -4 - 0.
1
Evaluate -4 + (10 - 6 - (2 - 3)).
1
Evaluate -11 + 3 + 16 + -9.
-1
-5 - (-8 + 5) - -2
0
What is the value of 5 + 5 + -17 + 6?
-1
What is -1 + (-6 - (1 + -7))?
-1
1 + -5 + (-3 - -5)
-2
What is the value of (-8 - -3 - 2) + (3 - 0)?
-4
9 - 6 - (-4 - (-9 + 4))
2
-3 + -5 + (-9 - (-6 + -4))
-7
What is the value of 0 + 8 - (47 + -35)?
-4
Evaluate -1 + 1 + -3 + 0 + -3.
-6
What is 5 - 4 - (16 - 24)?
9
Calculate 3 - 1 - (-4 - -3).
3
What is the value of 3 + -5 + (-5 - -11) + 1?
5
Evaluate (-2 - 3) + -1 + -5 + 8.
-3
What is 14 - (9 - (8 - 11))?
2
What is 2 + -4 - (2 - 6)?
2
What is 5 - (5 - (-9 + (6 - 1)))?
-4
Evaluate 6 - (4 - 4 - -8).
-2
Calculate -2 - (4 - -1) - (0 + -4).
-3
What is 1 - (-1 + 9 - 2)?
-5
What is the value of -6 + 2 + 2 + -1?
-3
Calculate -12 + 15 + (-7 - -1) - 4.
-7
Evaluate -8 + (14 - (-2 + 8)) + 2.
2
-1 + 9 + 1 - (-18 - -22)
5
Calculate -2 - (3 + (-2 - -3) - 5).
-1
Evaluate 2 + 2 - (-2 + (-1 - -3)).
4
1 - (8 + -1) - -3
-3
What is the value of 5 + (-1 - (-1 + 2 - -1))?
2
(0 - (-1 + 0)) + 20 + -19
2
(1 - 9) + 0 + (2 - -1)
-5
Calculate -1 + -5 + 5 + 5.
4
What is 3 - (0 + 3 - 3)?
3
What is -9 + (1 - (-1 - 8))?
1
What is -5 - (4 + -4) - (0 - 3)?
-2
What is the value of (5 - 3 - 6) + 9?
5
What is -2 - 1 - (0 + -4 + 6)?
-5
Calculate (5 - (-2 + 2 + -3)) + -9.
-1
5 + (-6 - -2) + -1
0
Evaluate 1 + 0 + -6 + (6 - 4).
-3
Calculate 7 + (-18 + 4 - -11).
4
Evaluate -12 - -3 - (-12 + -3).
6
Evaluate (3 - 5 - -3) + 4.
5
Evaluate 0 - (4 + -4 - -3) - 2.
-5
Calculate 2 - (2 + 2 + 0 - -3).
-5
What is (1 - -5 - 3) + 1 + -1?
3
3 + -1 + -1 + 2
3
Calculate -1 - 1 - (-4 + -2 + 8).
-4
What is the value of -2 - (2 + -6) - 3?
-1
Evaluate 4 + -5 + -3 + -1.
-5
Evaluate -2 - (1 - 0) - -5.
2
What is the value of -6 + -1 + -4 + 3 + 1?
-7
Calculate -4 + (-8 - -1) + 9.
-2
Evaluate (-6 - (5 - 11)) + 1.
1
Evaluate 13 + -15 - (-4 + 3 + 0).
-1
What is (8 - 2) + -4 + (7 - 10)?
-1
Calculate -3 + -3 + 8 + 2.
4
Evaluate -18 - -8 - (7 + -19).
2
Calculate -12 + 11 + 5 + -15.
-11
What is (-18 - -5) + (-49 - -64)?
2
Evaluate -3 + (10 - -4) - 10.
1
Calculate -5 + 8 + (3 - 6) + -1.
-1
What is 105 - 95 - (0 - -4)?
6
What is the value of -10 + (1 - -3) + -13 + 19?
0
Calculate (-3 - -5 - 0) + 1.
3
-8 + -5 + 10 + -2
-5
Calculate 10 + (0 - (8 + (-1 - 3))).
6
What is the value of (-1 - -1) + 1 - (76 - 75)?
0
What is the value of (5 + 4 + -6 - 0) + -1?
2
Evaluate (-2 + 2 - -2) + -4 + 1.
-1
Evaluate (2 - 1) + 3 + -2.
2
Calculate (14 - 6 - (3 + 0)) + 0.
5
2 - (6 + (11 - 19))
4
Evaluate 5 - (13 - 4) - -5.
1
Evaluate 2 + 0 - (1 - (4 + -2)).
3
What is 2 + -3 + 0 + (-3 - -1)?
-3
Evaluate 9 + -5 + (3 - 15) + 2.
-6
Evaluate (2 + (-2 - -2) - -1) + 1.
4
What is -4 - (4 + -6) - (1 - -2)?
-5
Calculate -3 + 1 + 1 - -2.
1
3 - (-31 - -26 - (-3 - 1))
4
What is the value of 25 + -23 + -1 + 0 + 2?
3
What is (13 - 2 - 7) + (-1 - 9)?
-6
6 + (-24 - -9) - -5
-4
What is the value of 9 - (-8 - (-19 + 4) - 4)?
6
What is 0 + (-1 + -7 - -7) + 1?
0
Evaluate 2 - 2 - (1 - 0).
-1
Evaluate 11 + (-8 - -4) + -6 - 1.
0
What is -3 - ((-3 - 1) + 3)?
-2
Calculate -8 + 19 - (-4 + 12).
3
Calculate 8 - (2 - (-5 + 4)) - 1.
4
Evaluate 3 + -4 - (-1 - -2).
-2
What is the value of (6 - (1 + 4)) + 17 + -8?
10
-2 + 0 - (-1 + 2 + 0)
-3
1 - ((3 - 5) + 3 + -1)
1
What is -4 + 1 + 8 + 0?
5
3 - ((1 - -9 - 5) + -1)
-1
Evaluate 5 + 10 + -5 - (1 - -3).
6
Calculate 3 - (4 + (4 - 3)).
-2
Calculate 5 + 2 + (2 - 7) - 4.
-2
What is the value of -1 + 2 - (14 + -7 + 0)?
-6
What is 2 + -10 + (-3 - -18)?
7
5 + -2 + -2 - -2
3
Evaluate -8 + 3 + (-5 - -8) - -9.
7
-3 + 7 + 3 + -2
5
What is -16 + 5 + (7 - -3)?
-1
Calculate -1 + -1 + (66 - 59).
5
What is 8 + 8 + (-3 - 15)?
-2
What is the value of -8 - -1 - (-83 - -80)?
-4
Calculate -4 - 5 - (2 + -12).
1
Evaluate (-1 - -6) + (17 - 17) + 0.
5
What is the value of -1 - (0 + -4) - 3?
0
What is the value of -8 + 2 - 1 - (-17 - -14)?
-4
What is the value of (-3 - 3) + 12 + -4?
2
What is -6 - (-4 - (-10 + 4))?
-8
Calculate (5 - 10) + -6 + 15.
4
What is (-1 + 0 - -4) + -3?
0
Evaluate 8 + (-2 + -2 - (-5 - -4)).
5
Evaluate 3 - (-3 - (2 + -3)).
5
Calculate (17 - 12) + -5 + 2.
2
Evaluate 3 + 3 + 2 + -8.
0
What is the value of -1 + 6 - (-5 - -14)?
-4
What is the value of -18 + 7 - -7 - (1 + -3)?
-2
What is the value of 2 + (-3 - (4 + -3))?
-2
Calculate (28 - 9 - 9) + -8.
2
What is -8 - (2 - (-6 - -6))?
-10
What is the value of -3 - (-1 + -14) - 10?
2
Calculate -33 + 45 + -8 + 1.
5
What is the value of 4 - (-1 + (2 - (-1 - 3)))?
-1
(6 - 14 - -1) + 4 + 1
-2
What is -1 + -5 - (-74 + 64)?
4
9 + 0 + (3 - 8)
4
2 + -1 + -3 - 3
-5
What is -4 - (-8 + 12 + -5)?
-3
What is -40 + 20 + 12 + (0 - -3)?
-5
What is the value of (-1 - -1) + 0 + -2?
-2
Evaluate (8 - 10) + (-1 - 1) - -7.
3
0 - 13 - (41 - 48)
-6
Calculate 5 - (14 + -5) - (-1 - 2).
-1
What is the value of 8 + (-2 - 4 - -3) + 0?
5
What is (2 - -1) + 18 + -15?
6
Calculate -10 - -2 - (-9 - -6) - 0.
-5
What is the value of -5 - -1 - (-6 + -8 + 14)?
-4
0 - (-4 + -2 + -1 + 10)
-3
(-1 - 1) + 12 + -15 - -4
-1
What is the value of -3 + 1 - 4 - -1?
-5
Calculate -3 + -4 - 2 - -1 - -6.
-2
Calculate (6 - (6 + 6)) + 9.
3
1 - (3 + -1 + 1 - 1)
-1
Evaluate (-12 + 4 - -2) + 12.
6
(6 - (6 - 2)) + 5 + -5
2
What is the value of 5 + ((-1 - 4) + 7 - 5)?
2
Evaluate 29 - 22 - (-1 + 5).
3
3 + (3 - 6) - (-9 - -5)
4
What is the value of -1 + -1 + -8 + 8 + 8?
6
What is 2 + (4 - 2) - 2?
2
(-19 - -15